2
Let v = 198 + 552. What is the units digit of v?
0
Suppose 0 = 3*n + g - 0 - 20, 3*n = 3*g. Suppose 0 = n*k - 0 - 20. What is the tens digit of 10/k*(-10 + 16)?
1
Let m = -130 - -204. Let u = -30 + m. What is the units digit of u?
4
Let f be (8/5)/(6/15). Suppose -25 = 5*h, -f*h - 725 = -0*l - 5*l. What is the tens digit of l?
4
Suppose 4*j + 882 = 2*y + 106, 3*y - 1132 = -2*j. What is the hundreds digit of y?
3
Let f(m) = -23 - 5*m + 0*m + 8*m. What is the tens digit of f(16)?
2
Suppose 0 = -9*v + 7*v. Suppose 2*i + g - 49 = v, 0 = 2*i + 3*g + 2*g - 53. What is the tens digit of i?
2
Suppose 2 = -7*y + 6*y. Let m(w) = -w**3 - 4*w**2 - 4*w - 1. Let v be m(-3). What is the units digit of (-2 - v)/(0 + y)?
2
Suppose 3*p + 61 = x, -4*x = 4*p + 42 - 286. What is the units digit of x?
1
Suppose -5*b - t + 865 = -5*t, -346 = -2*b + 3*t. Let i = b - 100. What is the units digit of i?
3
Let p(a) = 17*a**2 - 13*a - 24. What is the hundreds digit of p(11)?
8
Let q(r) = -24*r**3 - 15*r**2 + 12*r + 10. What is the tens digit of q(-5)?
7
Let p(z) = 9*z**2 + 5*z - 78. What is the tens digit of p(7)?
9
Let b be 420/132 + 2/(-11). Suppose -b*o + 7*o - 840 = 0. What is the hundreds digit of o?
2
Let f(m) = -112*m - 240. What is the units digit of f(-8)?
6
Suppose -a = -i - 11, 4*i = -4*a - 113 + 29. What is the tens digit of ((-24)/i)/((-6)/(-268))?
6
What is the hundreds digit of 319/(13 + -5 - 7)?
3
Let g(k) = -k**3 + 15*k**2 - 9*k + 19. What is the units digit of g(14)?
9
Suppose 27*d = 16*d + 10505. What is the units digit of d?
5
Let p = 61 - 65. Let h(z) = -z**2 + z + 6. Let m be h(0). Let c = m - p. What is the units digit of c?
0
Let r(z) = 2*z**2 + 11*z + 1. What is the tens digit of r(28)?
7
Let x = -655 - -1109. What is the units digit of x?
4
Let o(z) = z**3 - 8*z**2 - 10*z + 13. Let r be o(9). Suppose -1 - 107 = -r*i. What is the tens digit of i?
2
Suppose 4*s - 94 + 25 = n, 5*n = -5*s + 105. Suppose i - s = -3*a, -4*i + 9 = -2*a + 35. What is the units digit of 306/a - (-2)/7?
4
Let d be (-975)/(-60) - (-2)/(-8). What is the units digit of 17 + (0 - d/4)?
3
Suppose m + 6 = 4, -u + 1200 = 5*m. What is the units digit of u?
0
Let k(f) = -475*f + 30. What is the hundreds digit of k(-2)?
9
What is the units digit of 710*(20/25 + (-6)/20)?
5
Suppose s - 58 = -3*i, 0 = -i - 2*i + 15. Suppose 3*j - s - 89 = 0. What is the units digit of j?
4
Suppose 2*y - 18 = -7*y. Suppose -4*p = -y*j - 11 + 45, -j = -p - 20. What is the tens digit of j?
2
Suppose -4*q - 3*z = -6*z + 7, -14 = 5*q - 2*z. Let p(v) = 15*v**2 - v - 8. What is the tens digit of p(q)?
3
Let t be ((-160)/35 + 2)/(1/(-7)). Suppose 2*j - t = 118. What is the tens digit of j?
6
Suppose -3370 = -5*s + 5*r, 644 = s - 3*r + 8*r. What is the units digit of s?
9
Suppose 8443 = 13*m - 17206. What is the hundreds digit of m?
9
Let u(m) = -m**3 + 4*m**2 + 5*m - 10. Let b be u(4). What is the tens digit of 638/b - 5/(-25)?
6
Let a be (-522)/(-135) + (-34)/(-30) + -1. What is the units digit of (-3*1)/(75/21 - a)?
7
Suppose -4*u + 2 = -6, 2*j - 3*u = 626. Suppose -5*p + 154 = -j. What is the tens digit of p?
9
Let m(g) = 224*g**2 + 21*g + 3. What is the thousands digit of m(-3)?
1
Let i = 2840 - 1696. What is the hundreds digit of i?
1
Suppose -2*w - 3*w = -2050. Suppose 3*g = 5*x - w - 424, -x = -2*g - 164. What is the units digit of x?
8
Let j = -224 - -420. What is the units digit of j?
6
Let u = -36 - -59. Let b = u - 15. Suppose -b*j + 4*j = -236. What is the tens digit of j?
5
Let c = -31 - -15. Let i = -13 - c. Suppose -7*t + i*t + 188 = 0. What is the units digit of t?
7
Suppose -96 = -n - 3*n. Let l = 36 - n. What is the tens digit of (l/(-18))/((-4)/102)?
1
Let d(w) = 140*w + 422. What is the thousands digit of d(18)?
2
Suppose 14 = 8*h - h. Suppose -4*z = h + 2, 5*b - 185 = 5*z. What is the tens digit of b?
3
Let l = -25 + 681. What is the tens digit of l?
5
What is the units digit of 1 + 1076*6/24?
0
Let h(u) = -19*u + 18. What is the hundreds digit of h(-14)?
2
Let t(j) = 13*j + 27. Let x(d) = 5*d + 48. Let y be x(-7). What is the hundreds digit of t(y)?
1
Let g(i) = 130*i**2 - i - 1. Let o be g(-1). Let c = o + 23. Suppose u + 2*u - 87 = 3*t, -5*u = -t - c. What is the units digit of u?
1
Suppose -5 = 5*c, -2*y + 2809 = -0*c - 3*c. What is the units digit of y?
3
Suppose -d + 6 = -2*f - 6, 0 = -5*d - f + 16. What is the units digit of (-3 + 253)/2 - d?
1
Let f = -174 - -182. Let x(y) be the third derivative of y**6/120 - 3*y**5/20 + 7*y**4/24 + 3*y**3/2 + y**2. What is the units digit of x(f)?
1
Let q(x) = -12*x**2 - x - 1. Let w be q(-1). Let l be -18*(1 + w/9). Suppose 52 = 4*u + 2*y - l, 5*y + 65 = 4*u. What is the units digit of u?
5
Suppose -7*d - 16 = -3*d, -3*j - 16 = 4*d. Let y = j + 124. What is the tens digit of y?
2
Let q(p) be the first derivative of -p**3/3 - 5*p**2 + 14*p + 3. Let a be q(-11). What is the units digit of (6/a - 1)*26?
6
Suppose 0 = f + 14 - 39. Suppose -12 = f*i - 28*i. What is the units digit of i?
4
Let g = 1509 - -854. What is the hundreds digit of g?
3
Let w(p) = 8*p - 42. Let a be w(6). Let r(b) = 17*b + 15. What is the units digit of r(a)?
7
Suppose -2 = -n - 0. Suppose d - n = 8. What is the units digit of d?
0
Suppose 4*w - 2*w = 0, 2135 = 5*n - 5*w. What is the hundreds digit of n?
4
Let r be (-3)/(-6) + 126/(-4). Let p be (-162 - 10)*(-1)/4. Let f = p + r. What is the units digit of f?
2
What is the units digit of -5 + (274 - 4) - (-3 - 0)?
8
Let d = 458 + -194. What is the units digit of d?
4
Suppose -535 = 4*o + 105. Let w = 97 + o. What is the units digit of (-2)/(4/w)*2?
3
Suppose 2*g - 2*w = 14, 2*w = -2*w - 16. Let f(k) = -8*k**3 - 6 - k**3 - 6*k**2 + 9*k + 10*k**g. What is the tens digit of f(6)?
4
Let q(b) = 3 + 10 + 3*b - 1 - 2*b. Let x be q(-10). Suppose -x*g + 26 = -w, 3*g - 7*g = -3*w - 50. What is the tens digit of g?
1
Let f(y) = -y + 17. Let z be f(13). Suppose -10 = -z*p - 2. Suppose p*d + 0*d = 14. What is the units digit of d?
7
What is the hundreds digit of (2793 - -67)*(-4)/(-10)?
1
Suppose -65*s = -66*s + 2*u + 609, 3*s - 1848 = -u. What is the hundreds digit of s?
6
Let w = 14 + -19. Let i be 20 - (-5 + (-5)/w). Suppose 5*p - 41 = i. What is the tens digit of p?
1
Suppose 5*s + 24*a - 11269 = 27*a, 4513 = 2*s - 3*a. What is the tens digit of s?
5
Suppose 6*z = -5 + 59. Suppose -l + 9 = -z. Suppose -l*x + 140 = -13*x. What is the tens digit of x?
2
Let u = 72 - 70. Suppose 0 = -4*y + 559 - 159. Suppose -3*p = -u - y. What is the tens digit of p?
3
Let o be 141/(-6) + 9/6. Let k be ((-12)/7)/(o/1925). What is the tens digit of (2/3)/(2/k)?
5
Let w be 980/8 + (-3)/(-2). Suppose 0*n - 2*n - w = 0. Let j = -34 - n. What is the tens digit of j?
2
Suppose 5*h + 58 = -3*x, -h - 2*h - 70 = 5*x. Let z = -53 + 29. Let l = x - z. What is the units digit of l?
3
Let b = 12 - 8. Suppose 13 = -w + 3*k, 4*w - b*k = 6*w + 46. Let h = w + 32. What is the units digit of h?
3
Suppose f + 0*f - 26 = 0. Let a = 28 - f. Suppose a*g + 88 = 4*g. What is the tens digit of g?
4
Let t(p) = -p**2 - 3*p - 9. Let y be t(-10). Let x = 45 + -91. Let k = x - y. What is the units digit of k?
3
Suppose -3*d = -2*v + 22, 0 = 5*v - v + d - 30. What is the units digit of v?
8
Let x = 29 - 24. Suppose -3*v = -x*c - 17, 4*v + 3*c = 20 + 51. What is the units digit of v?
4
Suppose -3*x + 0*p - 6150 = 3*p, 0 = -4*p. Let z = x - -1410. What is the tens digit of (-2)/7 + z/(-35)?
1
Suppose 0 = -3*h - 2*h - 10. Let n(j) = -10*j - 7*j + 8*j - 2. What is the units digit of n(h)?
6
Suppose 0 = -4*l + r - 2520 + 11687, 11455 = 5*l - 5*r. What is the thousands digit of l?
2
Let c be 2 + -4 + (15 - 3). Suppose -y - 4*q = -4*y + 40, y + 4*q + 8 = 0. Suppose c + y = 2*s. What is the units digit of s?
9
Suppose 5*f + j - 1062 = 2*f, 2*f = 3*j + 708. Suppose f = 2*q + 144. What is the units digit of q?
5
Let o(n) = -6*n + 0 - n**2 + 19*n + 0 - 3. Suppose 43*h - 37*h = 60. What is the units digit of o(h)?
7
Suppose -19*q + 5741 = 611. What is the hundreds digit of q?
2
Suppose 15*u - 17*u + 2198 = 0. What is the hundreds digit of u?
0
Let g = 7 + -11. What is the tens digit of 1/(-4) - 277/g?
6
Suppose 32 = j + 7*j. What is the units digit of j/22 - (1776/(-33) + -3)?
7
Let p = 6